
Let c(u) = -2*u**3 + 20*u**2 + 12*u - 31. List the prime factors of c(9).
239
Let k(l) = -188*l - 4. Let h be k(-2). Suppose 2*t + 4*t - h = 0. What are the prime factors of t?
2, 31
Let c = 2047 + -845. What are the prime factors of c?
2, 601
Let l = 748 - 252. List the prime factors of l.
2, 31
Suppose -5*x - w = -8779, -4*w + 7*w = 4*x - 7027. List the prime factors of x.
2, 439
List the prime factors of (5/10*-2)/(2/(-3394)).
1697
Suppose 5*o = -5*v + 3*o + 926, 380 = 2*v - 4*o. List the prime factors of v.
2, 3, 31
List the prime factors of 477 - (4 + (-3)/((-3)/(-2))).
5, 19
Let z(o) = -33*o + 19. Let f be z(-13). Suppose -6*t + f = t. What are the prime factors of t?
2
What are the prime factors of (3/(-2))/(3/(-934))?
467
Suppose -5*w = 2*x - 6*x - 2655, -2*x = 3*w - 1615. What are the prime factors of w?
5, 107
Let h(m) = 2 + 3 + 11*m**2 + 4 - m + m**3 - 3. What are the prime factors of h(-11)?
17
Suppose -4*y = -5*x + 21, -x + 3*y = 2*x - 15. Let d(w) = -w**2 + 5 + 0 + 20*w**3 - 5. List the prime factors of d(x).
19
Let p be (-2)/(0 - (388/386 + -1)). Suppose 4*t - p = 50. List the prime factors of t.
109
Let w = 2905 - 2071. List the prime factors of w.
2, 3, 139
Suppose 50 = 5*c + 5*s, 3*s = 3*c + c - 5. List the prime factors of c*1/(-1) - -247.
2, 11
Let m(n) = n**3 + 10*n**2 + 13*n + 17 - 9*n + 3*n. Let w be m(-7). Suppose -w = 5*h - 390. List the prime factors of h.
5, 11
Let a(m) be the second derivative of m**4/12 + m**3 + m**2/2 - 8*m. Let c be a(-6). Let j(v) = 29*v - 3. List the prime factors of j(c).
2, 13
Suppose -5*g = -5*o, -5*o = 3*g - 3*o. Suppose g = 3*h - h - 136. Suppose 0 = -a - 3*a + h. What are the prime factors of a?
17
Let z(j) = j + 17. Let p be z(0). Let w = p + -19. What are the prime factors of w/6 - (-755)/15?
2, 5
Let r be 12/(-10) - 16/20. List the prime factors of (r - -5)/((-24)/(-15) - 1).
5
Let c be 0/(1 + (-6)/3). Suppose -4*z + c*z = -252. List the prime factors of z.
3, 7
Suppose -4*h + 4*q = -8 - 24, -q - 12 = -2*h. Let f = 0 + h. Suppose -7*o + f*o = -3*j - 6, -3*j - 2 = -2*o. List the prime factors of o.
2
Suppose 0 = 5*d - 5*o - 125, 2*d = 4*o - 11 + 67. List the prime factors of d.
2, 11
Let u(a) = a + 13. Let r(k) = k**3 - 5*k**2 - 7*k - 9. Let b be r(7). Suppose -2*n = -4*w + b, 4*w + n = -4*n + 40. What are the prime factors of u(w)?
23
Let v(m) = -5*m + 2. Let z(b) = -b - 17. Let k be z(-14). List the prime factors of v(k).
17
Let f(z) be the second derivative of -5*z**3/2 + 9*z**2/2 + 25*z. What are the prime factors of f(-9)?
2, 3
Suppose 5*o + 7193 = -146*h + 149*h, 0 = h - 4*o - 2386. List the prime factors of h.
2, 3, 401
Let q(j) = j**2 + 8*j + 10. Let k be q(11). Suppose -k = -3*o - 15. List the prime factors of o.
2, 17
Let z = 8 - 5. Suppose -c - x = -z*c - 28, -2*x = c + 4. What are the prime factors of 6 - 8 - (c - -1)?
3
Let o = 36 - 33. Let u = 17 - o. List the prime factors of u.
2, 7
Let w = -140 + 201. List the prime factors of w.
61
Let o(a) = -a**2 + 25*a + 6. Suppose 8*j + 22 = 10*j + v, -4*v = j - 11. List the prime factors of o(j).
2, 5
Let f = 136 + -46. Suppose 3*y = -3*w + f, -3*w + 5*y = w - 165. What are the prime factors of w?
5, 7
Let o(d) = -d**2 + 10*d - 11. Let l be o(8). Suppose s - 4*v + 10 = 3*s, 5*v - 10 = -l*s. What are the prime factors of -4 - s - 27/(-1)?
2, 3
Suppose 5*j = -x + 9555, -5*j + 3*x + 7857 + 1698 = 0. List the prime factors of j.
3, 7, 13
Suppose -5*t + 3*x - 163 = 0, 3*t = 7*x - 2*x - 85. Let w = t + 100. What are the prime factors of w?
5, 13
Suppose 19*g = 18*g + 478. What are the prime factors of g?
2, 239
Suppose 15*c = 11*c + 8. Let i be (3/5)/(c/50). Suppose 4*b - 3*s - 59 = 0, 2*s + 87 = 5*b + i. List the prime factors of b.
2, 7
Let m be 36 + 1 + (2 - 3). Suppose -4*o + 5*o - m = 0. Suppose 2*n = o + 6. What are the prime factors of n?
3, 7
Let d(t) = 33*t - 1. Let b(j) = j**3 - 14*j**2 + 13*j + 2. Let p be b(13). Suppose p*s + 0*s = -5*w - 18, 6 = 2*s - w. List the prime factors of d(s).
2
Suppose -2*p - p + 5*l + 2 = 0, 0 = p + 2*l - 8. Suppose p*g - 12 = -3*v, -15 = -3*g - 2*g + 5*v. What are the prime factors of g?
3
Let v(f) = -95*f**2 - 8*f - 5. Let j(w) = 63*w**2 + 5*w + 3. Let b(g) = 8*j(g) + 5*v(g). Let d be b(1). List the prime factors of d - (0 + -2 - -2).
2, 7
Let r = 5 - 1. Suppose 0*q = r*q. Suppose q = -z - 2*p + 27, -3*z + 81 = -0*p + 3*p. List the prime factors of z.
3
Suppose -5*b + 4*k + 85 = 0, 3*b - 87 = -3*k - 36. Let q(d) = b - d**2 + 5 - 6*d - 16*d. What are the prime factors of q(-20)?
2, 31
Suppose 0 = 3*s + 3, -2*m + 7*m + 4*s = 621. Let g = m + -38. What are the prime factors of g?
3, 29
Let j be 3 - (1 - -1) - -3. Suppose -q = q + j*k - 156, -4 = k. List the prime factors of q.
2, 43
Suppose 0*z + 972 = 3*z. Suppose -z = -11*n + 7*n. What are the prime factors of n?
3
Let y(g) be the second derivative of g**5/20 - g**4/12 - 131*g**2/2 + 3*g. Let q be y(0). Let v = q - -196. List the prime factors of v.
5, 13
Suppose 5*r - 22 = -32, 3*w + 2*r = 2045. List the prime factors of w.
683
Suppose -3622 = 7*u - 18280. What are the prime factors of u?
2, 3, 349
Let z = 93 + 956. What are the prime factors of z?
1049
Let o = 74 + -72. Suppose v = -v + 42. Suppose -i + o*c + v = -c, 42 = 3*i - 2*c. What are the prime factors of i?
2, 3
Let k = 148 - 95. Let l = k - -26. List the prime factors of l.
79
Let g(q) = 9*q**2 + 2*q + 1. Suppose -4*r = 4*v + 4, 2*r + r + 2*v = -5. List the prime factors of g(r).
2, 19
Let p = -10 - -21. Suppose p = 3*g - 19. Suppose 3*a + 5*j - g - 43 = 0, -5*a + 3*j + 77 = 0. List the prime factors of a.
2
Let l(q) be the second derivative of -q**5/20 + q**3/3 - q**2/2 - 6*q. What are the prime factors of l(-2)?
3
Suppose y = 4*y - 12. Suppose -5*x - 285 = -5*p, -5*p + 69 = -y*p - 4*x. List the prime factors of p.
53
What are the prime factors of (50/6)/(39/19773)?
5, 13
Let p be 2/(-2) - (-45)/(-3). Let x = -12 - p. List the prime factors of (-6)/(-24) - (-47)/x.
2, 3
Let k(j) = -2 + 0*j + 4*j - 5*j. Let s(u) = -2*u - 2. Let y(d) = -3*k(d) + 2*s(d). What are the prime factors of y(-4)?
2, 3
Suppose -v = 17 + 9. Let l(u) = -4*u + 8. Let s be l(-12). Let g = v + s. What are the prime factors of g?
2, 3, 5
Let j(o) = -14*o + 425. List the prime factors of j(-27).
11, 73
Suppose -4*k - 3*g + 13 = -33, -4 = -2*g. Let w(l) = 4 + 7 - l**3 - l + k. What are the prime factors of w(0)?
3, 7
Let d(i) = 14*i - 13. Suppose -2*x - 4 = -3*x. Let a be d(x). Suppose -2 = r, y - 2*r = -2*y + a. What are the prime factors of y?
13
Let a = 1458 - 451. List the prime factors of a.
19, 53
Suppose -11*l + 19681 + 14463 = 0. List the prime factors of l.
2, 97
Let j = 23 - 21. Let f be (5 - j) + -3 + 3. Suppose 0*p = 5*p + o - 265, 0 = 2*p - f*o - 89. List the prime factors of p.
2, 13
Let o = -420 + 880. Let n = -255 + o. List the prime factors of n.
5, 41
Suppose d = -2*b + 2991, 5 = -84*d + 79*d. List the prime factors of b.
2, 11, 17
Let k(g) = g**3 - 3*g**2 + 4*g - 5. Let b be k(2). Let x be (b - -1) + (-15 - -18). Suppose -x*p + p + 20 = 0. What are the prime factors of p?
2, 5
Suppose -2*z - 386 = -3*h + 31, 697 = 5*h - 4*z. Suppose 0 = -0*k + k - h. Let q = k + -98. List the prime factors of q.
3, 13
Let q(f) = 79*f**2 + 20*f + 19. List the prime factors of q(4).
29, 47
Let v = 78 - 79. What are the prime factors of (2 + v)/((-7)/(-3710)*5)?
2, 53
Let b(o) = 47*o**2 + 20*o - 267. List the prime factors of b(8).
3, 967
Suppose -d - g = -3036, 17*d + 4*g = 20*d - 9143. What are the prime factors of d?
3041
Let f = 10 - -1097. List the prime factors of f.
3, 41
Let a(q) = -2*q - 7. Let r = -8 - -1. Let y be a(r). Let o(g) = g**2 - 3*g + 1. What are the prime factors of o(y)?
29
Let m be -1*0/((-1)/1). Suppose 2*w - 5*w + 42 = m. What are the prime factors of w?
2, 7
Let f be (-14)/4*(-36)/21. Suppose w + 3*k + 7 = 1, f = 3*k. Let j = w + 17. List the prime factors of j.
5
Suppose -p + 4907 = -3*g, -15*g = -17*g - 10. List the prime factors of p.
2, 1223
Let x be 12/(-6) + (11 - 0). Let k = -3 + x. Suppose -3*b - 24 = -k*b. What are the prime factors of b?
2
What are the prime factors of ((-684)/8 + 2)/(13/(-130))?
5, 167
Let h(i) = 12*i**2 - 6*i - 8. What are the prime factors of h(-8)?
2, 101
S